 o(2) is divided by u?
3
Let b be 22 + (18/3)/(-3). Suppose 4*y - 5*x = y - 4, -4*x = -b. Calculate the remainder when y is divided by 2.
1
Let h = -46 - -176. Suppose 15 - h = -5*x. Suppose -55*p = -57*p + 16. What is the remainder when x is divided by p?
7
Let p(i) = -i**3 - 15*i**2 - 16*i - 1. Calculate the remainder when 105 is divided by p(-14).
24
Suppose x - 7 = -1. Suppose -a - a = -x. Calculate the remainder when 8 is divided by a.
2
Suppose -3 = 2*t + t. Let q be ((-3)/6)/t*50. Calculate the remainder when q + (2 - 0) + -3 is divided by 13.
11
Let l be 1 - 1 - 15/(-3). Suppose -2*w + 76 = m + 2*w, -m - l*w = -81. Let s = 78 - m. What is the remainder when s is divided by 12?
10
Let g(j) = 6*j - 5. Calculate the remainder when g(5) is divided by 7.
4
Let w(a) = 5*a - 3*a - 3*a - 1 - 2*a. Calculate the remainder when 67 is divided by w(-6).
16
Suppose 4*k + 135 = 9*k. Calculate the remainder when 53 is divided by k.
26
Let h = -58 - -97. Let l = 59 - 45. Calculate the remainder when h is divided by l.
11
Let u = 1 - 27. Let x be (-3)/12 - u/8. Suppose 0 = -5*i - 3*l + 57, 3*l = -x*i + i + 21. Calculate the remainder when i is divided by 7.
5
Let p = -3 - -3. Let i(g) = -3*g + 18. Let z(u) = 10*u - 55. Let l(j) = 7*i(j) + 2*z(j). Calculate the remainder when 30 is divided by l(p).
14
Let a = -19 - -31. Suppose -l + 2*l = 0. Let h(w) = -w**2 + 22. What is the remainder when h(l) is divided by a?
10
Let z = 0 - -1. Let o(i) = 1 + 7*i**3 - i**3 + 0*i**3 + i**3 - i**2. Calculate the remainder when 18 is divided by o(z).
4
Calculate the remainder when 50 is divided by (-4 + (-104)/(-12))*3.
8
Suppose 4*u - 8 = 0, -1 = -t + u + u. Suppose -5*d = t, 4*d + 14 = p + p. Calculate the remainder when 14 is divided by p.
4
What is the remainder when (52/(-6) + 4)*-3 is divided by 8?
6
Suppose -14 = -2*w + 4*g, 4*g + 17 = -2*w + 5*w. Suppose -w*v = -6*v + 102. What is the remainder when v is divided by ((-18)/5)/(2/(-10))?
16
Suppose 0 = -0*b + 3*b - 21. What is the remainder when b is divided by 4?
3
Let p(k) = -k - 6. Let r be p(-6). Suppose r = 2*w - 20 + 2. What is the remainder when 34 is divided by w?
7
Suppose 9*b - 6*b - 33 = 0. Calculate the remainder when 53 is divided by b.
9
Let i(j) = -j**3 - 14*j**2 + 16. What is the remainder when 76 is divided by i(-14)?
12
Suppose 5*w - 5*y - 38 = 3*w, 0 = -5*w + 4*y + 61. Let x = 13 - w. Calculate the remainder when x is divided by 3.
1
Let j(t) = t + 16. What is the remainder when j(-10) is divided by 5?
1
Let m be ((-12)/14)/(1/(-14)). Let h be 2/m + 51/18. What is the remainder when 8 is divided by (h/(-9))/1*-15?
3
Suppose 0*p = v + 4*p - 6, 2*v - 4*p = 0. Calculate the remainder when 17 is divided by (v/(-3))/((-1)/9).
5
Let u = 322 + -300. What is the remainder when u is divided by ((-12)/7)/2*-7?
4
Suppose n = -3*n + 8. Calculate the remainder when 5 is divided by n.
1
Suppose -j = 5*i - 24, 12 = -3*i + 5*i + j. Let n = 17 - i. What is the remainder when n is divided by 7?
6
Let r(u) = -u**3 - 7*u**2 + 3*u + 1. Let p = 18 + -7. Calculate the remainder when r(-8) is divided by p.
8
What is the remainder when 146 is divided by (2 + 1)*(-259)/(-21)?
35
Suppose 0 = -2*p - 2*p + 16. Let a = -5 + 18. Suppose -p*i + a = -15. Calculate the remainder when i is divided by 4.
3
Suppose -65*g = -62*g - 66. Calculate the remainder when 43 is divided by g.
21
Calculate the remainder when -4*(-2)/8*10 is divided by 0/2 - 3/(-1).
1
Let v(d) = -d + 12. Let y(b) = -3*b + 1. Let z be y(-3). Let x be v(z). Suppose 0 = -x*c + 6*c - 92. Calculate the remainder when c is divided by 13.
10
Let p = -44 + 38. Let h be -54 - (-2 + -2 + 2). Calculate the remainder when h/((-5)/((-15)/p)) is divided by 9.
8
Let j(d) = 4*d - 46. Calculate the remainder when 40 is divided by j(17).
18
Suppose -14 = 4*i - 46. Let c(o) = -i*o**2 - 5*o - o**2 + 3*o**2 + 3 + o**3. What is the remainder when c(7) is divided by 9?
8
Suppose -5*j + 4*u - 31 = -134, -2*u = 4*j - 98. Suppose 5*i = -5*a + 65, -2*i + 5*a = -7 - 12. Calculate the remainder when j is divided by i.
11
Let p(q) = q**2 + 12*q - 1. Let r be p(-12). What is the remainder when 23 is divided by r*3*24/(-9)?
7
Let w be (-8)/(-24) - (-142)/6. Suppose -v = 2*l - 25, -4*v + 76 = 4*l - w. What is the remainder when (-1)/4 - 394/(-8) is divided by v?
24
Let p(o) = o**3 - 5*o**2 - 2*o. Let f be p(4). What is the remainder when -7*f*(-9)/(-42) is divided by 19?
17
Let k = 20 + 5. Calculate the remainder when k is divided by 9.
7
Let h(f) = -f**2 + 9*f + 10. Let c be h(10). Suppose -5*v + 61 + 4 = c. What is the remainder when 49 is divided by v?
10
Let t = 44 - 21. Calculate the remainder when 64 is divided by t.
18
Calculate the remainder when (261/(-18))/((-1)/2) is divided by 15.
14
Suppose -4*f - 2*a + 96 = -0*f, -2*f + 3*a + 64 = 0. What is the remainder when f is divided by ((-18)/(-4))/(3/6)?
8
Suppose 0 = 4*a - 32 - 16. Calculate the remainder when 22 is divided by a.
10
Let o = -6 + 1. Let g = -32 + 45. Let j = g + o. What is the remainder when 23 is divided by j?
7
Let c(m) = 16 + 3*m - 4*m + 11. What is the remainder when c(11) is divided by 6?
4
Suppose b + 3*b = 0. Suppose -4*l + b*l + 24 = 0. What is the remainder when (l/5)/(9/30) is divided by 3?
1
Let r = 34 + -20. Let i(k) be the first derivative of 10*k**4 + k**3/3 - k - 1. Calculate the remainder when i(1) is divided by r.
12
Let k be (-2)/(-7) - 32/14. Let g(j) = j**3 - 8*j**2 - j + 10. Let v be g(8). Calculate the remainder when 18 is divided by 2*v*(-5)/k.
8
Let b = 0 + 3. Let m(s) = s**3 - 4*s**2 + 4*s - 3. Let g be m(b). Let r = g + 11. Calculate the remainder when 31 is divided by r.
9
Let d be (1/(-4))/((-3)/12). Suppose l - d - 12 = 0. What is the remainder when l is divided by 7?
6
Suppose 2*h - 11 = -5. Suppose 0 = -w + t + 9, -4*t - 7 = h*w + 1. Suppose -8 = w*l - 24. Calculate the remainder when 10 is divided by l.
2
Let n(w) = w**3 - 3*w**2 - 2*w - 1. Let z be n(4). Suppose 3*x + 72 = z*x. Calculate the remainder when 53 is divided by x.
17
Suppose 0 = 2*d - 4 - 4. Let c = -17 - -19. Calculate the remainder when d is divided by c.
0
Calculate the remainder when (1 - 2)*((-17)/1 + 4) is divided by 7.
6
Let q(w) = 3*w**2 + w - w**3 + 4*w - 2*w**2 + 99 - 6*w. Calculate the remainder when q(0) is divided by 25.
24
Let j be ((-4)/(-5) + 0)*5. Let a be -2 + -1 + 3 + 0. Suppose -j*o + a*o + 44 = 2*y, 5*y = -3*o + 103. What is the remainder when y is divided by 11?
9
Let g(z) = -7*z**3 - z**2 + 1. Let y = -1 + 3. Suppose 5*x = y*x + 60. What is the remainder when x is divided by g(-1)?
6
Let f(p) = p - 2. Let m be f(-4). Calculate the remainder when 62 is divided by (-4 - 12/(-9))*m.
14
Let w = 107 + -59. Calculate the remainder when w is divided by 18.
12
Let j be (66/(-4))/(1/(-4)). Let o = -47 + j. Calculate the remainder when 55 is divided by o.
17
Calculate the remainder when 39 is divided by -2 - (-3 + 10*-2).
18
Let t be (-6)/10*10/(-2). Suppose 0 = -3*u + 9, 0 = -2*n - t*u + u + 86. Calculate the remainder when n is divided by 14.
12
Let q(b) = -b + 31. What is the remainder when 2 is divided by q(29)?
0
Let m = -146 - 47. Let h = m + 276. Calculate the remainder when h is divided by 28.
27
Let x = -3 - -44. Let p = x + -25. Suppose -5*b = -4*g - 171, -5*b + 5*g + 164 = -11. Calculate the remainder when b is divided by p.
15
Calculate the remainder when -1 + -4 + 2016/16 is divided by 21.
16
Suppose 51 = 2*z + 5. Let s = 80 - 68. What is the remainder when z is divided by s?
11
Let s = 3 - 4. Let b be (6/3 + -2)/s. What is the remainder when 1 - (b + 1)*-11 is divided by 7?
5
Suppose 40 = 4*o + 4. Let u(w) be the third derivative of w**6/120 + w**5/60 - w**4/24 + 13*w**3/3 + w**2. Calculate the remainder when u(0) is divided by o.
8
Let x be (-1)/(-4)*9*-8. What is the remainder when (-8)/36 - 454/x is divided by 7?
4
Suppose 31 = 4*m - 25. Let n(q) = q**3 + 6*q**2 + 2*q - 6. What is the remainder when n(-5) is divided by 60/m - 12/42?
1
Let b be 18/12*14/(-3). Let o(k) = -k + 6. What is the remainder when o(b) is divided by 5?
3
Suppose -5*j + 4*d = 3*d - 21, 4*j - 2*d = 18. Calculate the remainder when j is divided by 2.
0
Let f = -36 - -63. Calculate the remainder when f is divided by 16/(-12)